of 115067.
115067
List the prime factors of 345029.
97, 3557
What are the prime factors of 171152?
2, 19, 563
List the prime factors of 1195733.
7, 11, 53, 293
List the prime factors of 588756.
2, 3, 7, 43, 163
What are the prime factors of 328620?
2, 3, 5, 5477
List the prime factors of 2001287.
131, 15277
List the prime factors of 1796418.
2, 3, 13, 853
What are the prime factors of 602701?
11, 17, 293
What are the prime factors of 6443797?
6443797
What are the prime factors of 16913?
13, 1301
What are the prime factors of 1834376?
2, 467, 491
What are the prime factors of 184907?
179, 1033
List the prime factors of 528257.
19, 27803
What are the prime factors of 102626?
2, 23, 97
What are the prime factors of 25822?
2, 12911
What are the prime factors of 3588429?
3, 13, 101, 911
What are the prime factors of 16135050?
2, 3, 5, 263, 409
List the prime factors of 84970.
2, 5, 29, 293
What are the prime factors of 317365?
5, 63473
What are the prime factors of 283406?
2, 23, 61, 101
List the prime factors of 202975.
5, 23, 353
List the prime factors of 27476.
2, 6869
What are the prime factors of 85211?
7, 37, 47
What are the prime factors of 143581?
67, 2143
What are the prime factors of 2259179?
13, 173783
List the prime factors of 30927.
3, 13, 61
What are the prime factors of 1722618?
2, 3, 95701
List the prime factors of 3267141.
3, 1089047
What are the prime factors of 17179166?
2, 8589583
What are the prime factors of 1079545?
5, 215909
What are the prime factors of 6721170?
2, 3, 5, 157, 1427
List the prime factors of 480968.
2, 59, 1019
What are the prime factors of 653925?
3, 5, 8719
What are the prime factors of 5589179?
211, 26489
List the prime factors of 21841195.
5, 4368239
What are the prime factors of 1902726?
2, 3, 7, 15101
What are the prime factors of 3304809?
3, 367201
What are the prime factors of 200091?
3, 66697
List the prime factors of 14549401.
53, 274517
What are the prime factors of 1925670?
2, 3, 5, 64189
List the prime factors of 22935822.
2, 3, 7, 13, 17, 353
What are the prime factors of 346941?
3, 7, 5507
What are the prime factors of 3313862?
2, 1656931
What are the prime factors of 343424?
2, 2683
List the prime factors of 6619338.
2, 3, 11, 101, 331
List the prime factors of 4463345.
5, 223, 4003
List the prime factors of 83557.
83557
What are the prime factors of 258158?
2, 29, 4451
What are the prime factors of 1548461?
1548461
What are the prime factors of 5513484?
2, 3, 53, 8669
List the prime factors of 560369.
53, 97, 109
List the prime factors of 159311.
159311
List the prime factors of 457196.
2, 114299
List the prime factors of 404419.
404419
List the prime factors of 796086.
2, 3, 47, 941
What are the prime factors of 1468994?
2, 734497
List the prime factors of 326588.
2, 81647
List the prime factors of 7560005.
5, 19, 79579
What are the prime factors of 376051?
13, 28927
List the prime factors of 662868.
2, 3, 18413
What are the prime factors of 1610074?
2, 805037
What are the prime factors of 913235?
5, 19, 9613
List the prime factors of 172333.
7, 3517
List the prime factors of 1603330.
2, 5, 23, 6971
What are the prime factors of 139509?
3, 5167
What are the prime factors of 3865799?
7, 269, 2053
List the prime factors of 12720513.
3, 13, 61, 5347
List the prime factors of 911101.
911101
What are the prime factors of 72980?
2, 5, 41, 89
List the prime factors of 1287115.
5, 137, 1879
List the prime factors of 92616.
2, 3, 17, 227
List the prime factors of 350296.
2, 43787
List the prime factors of 6932394.
2, 3, 7, 37, 1487
What are the prime factors of 395268?
2, 3, 32939
What are the prime factors of 268340?
2, 5, 13417
List the prime factors of 4883996.
2, 13, 93923
What are the prime factors of 1284117?
3, 428039
What are the prime factors of 477453?
3, 167, 953
List the prime factors of 6332394.
2, 3, 1055399
What are the prime factors of 7014193?
7014193
What are the prime factors of 813255?
3, 5, 54217
What are the prime factors of 19226843?
19226843
List the prime factors of 479956.
2, 97, 1237
List the prime factors of 11147592.
2, 3, 464483
What are the prime factors of 97422?
2, 3, 13, 1249
What are the prime factors of 79150?
2, 5, 1583
What are the prime factors of 1928509?
11, 199, 881
What are the prime factors of 147352?
2, 113, 163
List the prime factors of 450132.
2, 3, 37511
List the prime factors of 903216.
2, 3, 31, 607
What are the prime factors of 172344?
2, 3, 43, 167
List the prime factors of 1503522.
2, 3, 9281
What are the prime factors of 167911?
167911
List the prime factors of 1325397.
3, 441799
What are the prime factors of 6718609?
19, 353611
List the prime factors of 32976.
2, 3, 229
List the prime factors of 875006.
2, 11, 31, 1283
What are the prime factors of 323567?
323567
What are the prime factors of 18684221?
743, 25147
List the prime factors of 655953.
3, 218651
What are the prime factors of 2812853?
2812853
List the prime factors of 356650.
2, 5, 7, 1019
List the prime factors of 6040514.
2, 193, 15649
List the prime factors of 1545445.
5, 11, 28099
List the prime factors of 3779482.
2, 7, 103, 2621
List the prime factors of 10498439.
7, 1051, 1427
List the prime factors of 402860.
2, 5, 20143
What are the prime factors of 7630585?
5, 1526117
What are the prime factors of 14424540?
2, 3, 5, 13, 18493
What are the prime factors of 1169951?
523, 2237
List the prime factors of 1839941.
19, 179, 541
List the prime factors of 381459.
3, 13, 9781
What are the prime factors of 3305589?
3, 7, 113, 199
What are the prime factors of 26230756?
2, 6557689
List the prime factors of 860263.
19, 2383
What are the prime factors of 250392?
2, 3, 10433
What are the prime factors of 1529096?
2, 191137
What are the prime factors of 694570?
2, 5, 69457
What are the prime factors of 3563152?
2, 43, 5179
What are the prime factors of 740795?
5, 11, 13469
What are the prime factors of 49691?
17, 37, 79
List the prime factors of 1174238.
2, 13, 19, 2377
What are the prime factors of 9694409?
41, 236449
List the prime factors of 844099.
31, 73, 373
What are the prime factors of 498736?
2, 7, 61, 73
What are the prime factors of 111831?
3, 37277
What are the prime factors of 7456920?
2, 3, 5, 62141
What are the prime factors of 990165?
3, 5, 11, 17, 353
What are the prime factors of 7948623?
3, 2649541
List the prime factors of 814679.
139, 5861
What are the prime factors of 1210712?
2, 151339
What are the prime factors of 1025364?
2, 3, 85447
What are the prime factors of 112271?
19, 311
List the prime factors of 9943304.
2, 7, 353, 503
What are the prime factors of 26494?
2, 13, 1019
What are the prime factors of 9022400?
2, 5, 5639
List the prime factors of 1239809.
107, 11587
What are the prime factors of 21791627?
11, 13, 152389
List the prime factors of 148340.
2, 5, 7417
List the prime factors of 3955766.
2, 101, 19583
What are the prime factors of 217455?
3, 5, 7, 19, 109
List the prime factors of 400892.
2, 31, 53, 61
What are the prime factors of 121377?
3, 40459
What are the prime factors of 114453?
3, 157
What are the prime factors of 12759700?
2, 5, 127597
What are the prime factors of 175037?
113, 1549
List the prime factors of 301430.
2, 5, 43, 701
List the prime factors of 990766.
2, 7, 70769
What are the prime factors of 1672009?
1672009
What are the prime factors of 305759?
305759
What are the prime factors of 380206?
2, 43, 4421
What are the prime factors of 15957611?
17, 53, 89, 199
List the prime factors of 3922213.
23, 31, 5501
What are the prime factors of 270454?
2, 29, 4663
What are the prime factors of 233877?
3, 7, 37, 43
What are the prime factors of 3029856?
2, 3, 37, 853
List the prime factors of 562722.
2, 3, 93787
What are the prime factors of 1833036?
2, 3, 152753
What are the prime factors of 111545?
5, 7, 3187
What are the prime factors of 2155886?
2, 1077943
List the prime factors of 819734.
2, 409867
What are the prime factors of 270534?
2, 3, 11, 4099
List the prime factors of 239433.
3, 79811
List the prime factors of 1582527.
3, 37, 53, 269
What are the prime factors of 1847320?
2, 5, 46183
What are the prime factors of 280551?
3, 17, 5501
List the prime factors of 823220.
2, 5, 41161
What are the prime factors of 479090?
2, 5, 23, 2